{"id":407,"date":"2025-09-20T20:13:38","date_gmt":"2025-09-20T18:13:38","guid":{"rendered":"https:\/\/eden-villa.com\/?page_id=407"},"modified":"2025-09-22T14:20:00","modified_gmt":"2025-09-22T12:20:00","slug":"conditions-generales","status":"publish","type":"page","link":"https:\/\/eden-villa.com\/index.php\/conditions-generales\/","title":{"rendered":"Conditions G\u00e9n\u00e9rales"},"content":{"rendered":"\t\t<div data-elementor-type=\"wp-page\" data-elementor-id=\"407\" class=\"elementor elementor-407\">\n\t\t\t\t<div class=\"elementor-element elementor-element-deea759 e-flex e-con-boxed e-con e-parent\" data-id=\"deea759\" data-element_type=\"container\">\n\t\t\t\t\t<div class=\"e-con-inner\">\n\t\t\t\t<div class=\"elementor-element elementor-element-5932b8a elementor-widget elementor-widget-heading\" data-id=\"5932b8a\" data-element_type=\"widget\" data-widget_type=\"heading.default\">\n\t\t\t\t\t<h2 class=\"elementor-heading-title elementor-size-default\"><h1 class=\"font_4 wixui-rich-text__text\" style=\"background: transparent;font-style: normal;font-weight: 400;font-size: 25px;line-height: normal;font-family: brandon-grot-w01-light, sans-serif;text-align: center\">CONDITIONS G\u00c9N\u00c9RALES<\/h1><\/h2>\t\t\t\t<\/div>\n\t\t\t\t\t<\/div>\n\t\t\t\t<\/div>\n\t\t<div class=\"elementor-element elementor-element-3165ad8 e-flex e-con-boxed e-con e-parent\" data-id=\"3165ad8\" data-element_type=\"container\">\n\t\t\t\t\t<div class=\"e-con-inner\">\n\t\t\t\t<div class=\"elementor-element elementor-element-05d532c elementor-widget elementor-widget-text-editor\" data-id=\"05d532c\" data-element_type=\"widget\" data-widget_type=\"text-editor.default\">\n\t\t\t\t\t\t\t\t\tDerni\u00e8re mise \u00e0 jour : 03 Juillet 2025<br\/\n\nLes pr\u00e9sentes conditions d\u00e9finissent les modalit\u00e9s de r\u00e9servation, de paiement, d\u2019annulation et de s\u00e9jour dans la maison propos\u00e9e \u00e0 la location saisonni\u00e8re via le site\u00a0<a href=\"eden-villa.com\"><span style=\"text-decoration: underline;\">eden-villa.com<\/span><\/a>.\t\t\t\t\t\t\t\t<\/div>\n\t\t\t\t<div class=\"elementor-element elementor-element-fa8c208 elementor-widget elementor-widget-text-editor\" data-id=\"fa8c208\" data-element_type=\"widget\" data-widget_type=\"text-editor.default\">\n\t\t\t\t\t\t\t\t\t1. R\u00e9servation<br\/>\n\nToute demande de r\u00e9servation se fait via le formulaire de contact du site ou par email. <br\/> Pour que la r\u00e9servation soit confirm\u00e9e, le locataire doit obligatoirement :<br\/><br\/>\n\n-Retourner le contrat de location sign\u00e9,<br\/><br\/>\n\n-Fournir une copie d&rsquo;une pi\u00e8ce d&rsquo;identit\u00e9 valide,<br\/><br\/>\n\n-R\u00e9gler l\u2019int\u00e9gralit\u00e9 du montant du s\u00e9jour.<br\/><br\/>\n\nSans ces \u00e9l\u00e9ments, la r\u00e9servation n\u2019est pas confirm\u00e9e.<br\/>\t\t\t\t\t\t\t\t<\/div>\n\t\t\t\t<div class=\"elementor-element elementor-element-c41e093 elementor-widget elementor-widget-text-editor\" data-id=\"c41e093\" data-element_type=\"widget\" data-widget_type=\"text-editor.default\">\n\t\t\t\t\t\t\t\t\t2. Paiement<br\/>\n\nLe paiement du s\u00e9jour doit \u00eatre effectu\u00e9 en totalit\u00e9 au moment de la r\u00e9servation, apr\u00e8s validation du contrat.<br\/>\n\nLes modalit\u00e9s (virement bancaire, Paypal, Stripe ) sont pr\u00e9cis\u00e9es dans le contrat de location transmis par le propri\u00e9taire.<br\/>\t\t\t\t\t\t\t\t<\/div>\n\t\t\t\t<div class=\"elementor-element elementor-element-2fc370f elementor-widget elementor-widget-text-editor\" data-id=\"2fc370f\" data-element_type=\"widget\" data-widget_type=\"text-editor.default\">\n\t\t\t\t\t\t\t\t\t3. Annulation <br\/>\n\nLes conditions d\u2019annulation sont pr\u00e9cis\u00e9es dans le contrat. \u00c0 titre indicatif :<br\/>\n \n\nAnnulation gratuite jusqu\u2019\u00e0  45 jours avant l\u2019arriv\u00e9e <br\/>\n\n \n\nAu-del\u00e0, le montant vers\u00e9 reste acquis, sauf si le logement est relou\u00e9 pour les m\u00eames dates.<br\/>\t\t\t\t\t\t\t\t<\/div>\n\t\t\t\t<div class=\"elementor-element elementor-element-5f54712 elementor-widget elementor-widget-text-editor\" data-id=\"5f54712\" data-element_type=\"widget\" data-widget_type=\"text-editor.default\">\n\t\t\t\t\t\t\t\t\t4. Caution<br\/>\n\nUne caution (d\u00e9p\u00f4t de garantie) peut \u00eatre demand\u00e9e \u00e0 l\u2019arriv\u00e9e. Elle sera restitu\u00e9e apr\u00e8s l\u2019\u00e9tat des lieux de sortie, sous r\u00e9serve de l\u2019absence de d\u00e9gradations ou de manquements.\t\t\t\t\t\t\t\t<\/div>\n\t\t\t\t<div class=\"elementor-element elementor-element-e2f1efd elementor-widget elementor-widget-text-editor\" data-id=\"e2f1efd\" data-element_type=\"widget\" data-widget_type=\"text-editor.default\">\n\t\t\t\t\t\t\t\t\t5. Dur\u00e9e du s\u00e9jour<br\/>\n\nLa dur\u00e9e du s\u00e9jour est convenue contractuellement. Le locataire ne pourra se maintenir dans les lieux au-del\u00e0 de cette dur\u00e9e.\t\t\t\t\t\t\t\t<\/div>\n\t\t\t\t<div class=\"elementor-element elementor-element-17155d6 elementor-widget elementor-widget-text-editor\" data-id=\"17155d6\" data-element_type=\"widget\" data-widget_type=\"text-editor.default\">\n\t\t\t\t\t\t\t\t\t6. Utilisation des lieux <br\/>\n\nLe locataire s\u2019engage \u00e0 :<br\/><br\/>\n\n \n\n-Ne pas d\u00e9passer la capacit\u00e9 d\u2019accueil autoris\u00e9e,<br\/><br\/>\n\n \n\n-Respecter les lieux et le voisinage,<br\/><br\/>\n\n \n\n-Ne pas fumer \u00e0 l\u2019int\u00e9rieur de la maison, merci de fumer uniquement  dans la cour, \u00e0 l&rsquo;ext\u00e9rieur<br\/><br\/>\n\n \n\n-Ne pas organiser de f\u00eates sans l\u2019accord pr\u00e9alable du propri\u00e9taire.<br\/>\n\n \t\t\t\t\t\t\t\t<\/div>\n\t\t\t\t<div class=\"elementor-element elementor-element-3d52814 elementor-widget elementor-widget-text-editor\" data-id=\"3d52814\" data-element_type=\"widget\" data-widget_type=\"text-editor.default\">\n\t\t\t\t\t\t\t\t\t7. Horaires <br\/>\n\nArriv\u00e9e : \u00e0 partir de 16H<br\/>\n<br\/>\n \n\nD\u00e9part : avant 11H<br\/><br\/>\n\n \n\nDes ajustements peuvent \u00eatre convenus en fonction des disponibilit\u00e9s.<br\/>\t\t\t\t\t\t\t\t<\/div>\n\t\t\t\t<div class=\"elementor-element elementor-element-ad15d11 elementor-widget elementor-widget-text-editor\" data-id=\"ad15d11\" data-element_type=\"widget\" data-widget_type=\"text-editor.default\">\n\t\t\t\t\t\t\t\t\t8. Animaux<br\/>\n\nLes animaux ne sont pas autoris\u00e9s. <br\/>\t\t\t\t\t\t\t\t<\/div>\n\t\t\t\t<div class=\"elementor-element elementor-element-8a30581 elementor-widget elementor-widget-text-editor\" data-id=\"8a30581\" data-element_type=\"widget\" data-widget_type=\"text-editor.default\">\n\t\t\t\t\t\t\t\t\t9. Assurance <br\/>\n\nLe locataire doit \u00eatre couvert par une assurance responsabilit\u00e9 civile vill\u00e9giature. Une attestation peut \u00eatre demand\u00e9e.\t\t\t\t\t\t\t\t<\/div>\n\t\t\t\t<div class=\"elementor-element elementor-element-5bea0ac elementor-widget elementor-widget-text-editor\" data-id=\"5bea0ac\" data-element_type=\"widget\" data-widget_type=\"text-editor.default\">\n\t\t\t\t\t\t\t\t\t10. Litiges <br\/>\n\nEn cas de litige, un recours amiable sera recherch\u00e9. \u00c0 d\u00e9faut, les tribunaux du ressort du lieu de la location seront comp\u00e9tents.\t\t\t\t\t\t\t\t<\/div>\n\t\t\t\t\t<\/div>\n\t\t\t\t<\/div>\n\t\t<div class=\"elementor-element elementor-element-017a764 e-con-full e-flex e-con e-parent\" data-id=\"017a764\" data-element_type=\"container\" data-settings=\"{&quot;background_background&quot;:&quot;classic&quot;}\">\n\t\t\t\t<div class=\"elementor-element elementor-element-c2b310c elementor-widget elementor-widget-text-editor\" data-id=\"c2b310c\" data-element_type=\"widget\" data-widget_type=\"text-editor.default\">\n\t\t\t\t\t\t\t\t\t<div style=\"font-family: 'Brandon Grotesque', sans-serif; font-size: 25px; color: #242323; font-weight: 200;\">CONTACT<\/div>\t\t\t\t\t\t\t\t<\/div>\n\t\t<div class=\"elementor-element elementor-element-b3c70ee e-con-full e-flex e-con e-child\" data-id=\"b3c70ee\" data-element_type=\"container\">\n\t\t\t\t<div class=\"elementor-element elementor-element-aa77a3b elementor-widget elementor-widget-text-editor\" data-id=\"aa77a3b\" data-element_type=\"widget\" data-widget_type=\"text-editor.default\">\n\t\t\t\t\t\t\t\t\t<div id=\"comp-ishoi88h\" class=\"Z_l5lU ku3DBC zQ9jDz qvSjx3 Vq6kJx comp-ishoi88h wixui-rich-text\" data-testid=\"richTextElement\"><p class=\"font_8 wixui-rich-text__text\"><span class=\"wixui-rich-text__text\"><a class=\"wixui-rich-text__text\" href=\"mailto:villaeden.aveyron@gmail.com\" data-auto-recognition=\"true\">villaeden.aveyron@gmail.com<\/a><\/span><\/p><\/div>\t\t\t\t\t\t\t\t<\/div>\n\t\t\t\t<div class=\"elementor-element elementor-element-3099f05 elementor-widget elementor-widget-text-editor\" data-id=\"3099f05\" data-element_type=\"widget\" data-widget_type=\"text-editor.default\">\n\t\t\t\t\t\t\t\t\t<div id=\"comp-ishoi88h\" class=\"Z_l5lU ku3DBC zQ9jDz qvSjx3 Vq6kJx comp-ishoi88h wixui-rich-text\" data-testid=\"richTextElement\"><p class=\"font_8 wixui-rich-text__text\"><span class=\"wixui-rich-text__text\">7, Rue de la Crouzette &#8211; 12 160 MOYRAZES<\/span><\/p><\/div>\t\t\t\t\t\t\t\t<\/div>\n\t\t\t\t<div class=\"elementor-element elementor-element-40ec53b elementor-widget elementor-widget-text-editor\" data-id=\"40ec53b\" data-element_type=\"widget\" data-widget_type=\"text-editor.default\">\n\t\t\t\t\t\t\t\t\t<div id=\"comp-ishoi88h\" class=\"Z_l5lU ku3DBC zQ9jDz qvSjx3 Vq6kJx comp-ishoi88h wixui-rich-text\" data-testid=\"richTextElement\"><p class=\"font_8 wixui-rich-text__text\">T\u00e9l : 06 34 68 97 07<\/p><\/div>\t\t\t\t\t\t\t\t<\/div>\n\t\t\t\t<\/div>\n\t\t<div class=\"elementor-element elementor-element-5782be4 e-flex e-con-boxed e-con e-child\" data-id=\"5782be4\" data-element_type=\"container\">\n\t\t\t\t\t<div class=\"e-con-inner\">\n\t\t\t\t<div class=\"elementor-element elementor-element-a41d8f6 elementor-widget elementor-widget-shortcode\" data-id=\"a41d8f6\" data-element_type=\"widget\" data-widget_type=\"shortcode.default\">\n\t\t\t\t\t\t\t<div class=\"elementor-shortcode\">\n\t\t\t<form id=\"sib_signup_form_2\" method=\"post\" class=\"sib_signup_form\">\n\t\t\t\t<div class=\"sib_loader\" style=\"display:none;\"><img\n\t\t\t\t\t\t\tsrc=\"https:\/\/eden-villa.com\/wp-includes\/images\/spinner.gif\" alt=\"loader\"><\/div>\n\t\t\t\t<input type=\"hidden\" name=\"sib_form_action\" value=\"subscribe_form_submit\">\n\t\t\t\t<input type=\"hidden\" name=\"sib_form_id\" value=\"2\">\n                <input type=\"hidden\" name=\"sib_form_alert_notice\" value=\"Remplissez ce champ s\u2019il vous pla\u00eet\">\n                <input type=\"hidden\" name=\"sib_form_invalid_email_notice\" value=\"Cette adresse email n&#039;est pas valide\">\n                <input type=\"hidden\" name=\"sib_security\" value=\"6666c13432\">\n\t\t\t\t<div class=\"sib_signup_box_inside_2\">\n\t\t\t\t\t<div style=\"\/*display:none*\/\" class=\"sib_msg_disp\">\n\t\t\t\t\t<\/div>\n                    \t\t\t\t\t  <div class=\"prenom-numero\">\r\n    <p class=\"sib-LASTNAME-area\">\r\n      <input type=\"text\" name=\"LASTNAME\" placeholder=\"Pr\u00e9nom\">\r\n    <\/p>\r\n\r\n    <p class=\"sib-NUMERO-area\">\r\n      <input type=\"text\" name=\"NUMERO\" placeholder=\"Num\u00e9ro\">\r\n    <\/p>\r\n  <\/div>\r\n<br \/>\r\n  <p class=\"sib-email-area\">\r\n    <input type=\"email\" name=\"email\" placeholder=\"E-mail\" required>\r\n  <\/p>\r\n<br \/>\r\n  <p class=\"sib-MESSAGE-area\">\r\n    <textarea name=\"MESSAGE\"><\/textarea>\r\n  <\/p>\r\n\r\n  <p>\r\n    <input type=\"submit\" class=\"sib-default-btn\" value=\"Envoyer\">\r\n  <\/p>\t\t\t\t<\/div>\n\t\t\t<\/form>\n\t\t\t<style>\n\t\t\t\t\/* ---- CONTENEUR GLOBAL ---- *\/ form { max-width: 1500px; margin: 40px auto; background:#FCFCFC; padding: 20px; box-sizing: border-box; font-family: &quot;Times New Roman&quot;, serif; } \/* ---- LIGNES DU FORMULAIRE ---- *\/ form p { margin: 10px 0; } \/* ---- CHAMPS GENERAUX ---- *\/ form input[type=&quot;text&quot;], form input[type=&quot;email&quot;], form textarea { width: 100%; padding: 8px; border: 1px solid #999; box-sizing: border-box; font-size: 15px; background: #fff; } \/* Email avec bordure rouge quand invalide *\/ form input[type=&quot;email&quot;]:invalid { border: 1px solid red; } \/* ---- PR\u00c9NOM + NUM\u00c9RO SUR LA M\u00caME LIGNE ---- *\/ .prenom-numero { display: flex; \/* Met les 2 champs c\u00f4te \u00e0 c\u00f4te *\/ gap: 4%; \/* Espacement horizontal *\/ } .prenom-numero p { flex: 1; \/* Les deux colonnes prennent la m\u00eame largeur *\/ margin: 0; \/* Supprime la marge verticale inutile *\/ } \/* ---- ZONE MESSAGE ---- *\/ .sib-MESSAGE-area textarea { min-height: 100px; resize: vertical; } \/* ---- BOUTON ---- *\/ .sib-default-btn { display: block; margin: 20px auto 0; padding: 8px 18px; font-style: italic; font-size: 16px; color: black;border: none; cursor: pointer; } .sib-default-btn:hover { color : #bebbbf; } input.sib-default-btn { color: #515962; } input[type=&quot;text&quot;], input[type=&quot;number&quot;], input[type=&quot;email&quot;], input[type=&quot;url&quot;], input[type=&quot;password&quot;], input[type=&quot;search&quot;], input[type=reset], input[type=tel], input[type=date], select { height: 40px; border: 1px solid black!important; } .sib-MESSAGE-area textarea { min-height: 100px; resize: vertical; border: 1px solid black; }form#sib_signup_form_2 p.sib-alert-message {\n    padding: 6px 12px;\n    margin-bottom: 20px;\n    border: 1px solid transparent;\n    border-radius: 4px;\n    -webkit-box-sizing: border-box;\n    -moz-box-sizing: border-box;\n    box-sizing: border-box;\n}\nform#sib_signup_form_2 p.sib-alert-message-error {\n    background-color: #f2dede;\n    border-color: #ebccd1;\n    color: #a94442;\n}\nform#sib_signup_form_2 p.sib-alert-message-success {\n    background-color: #dff0d8;\n    border-color: #d6e9c6;\n    color: #3c763d;\n}\nform#sib_signup_form_2 p.sib-alert-message-warning {\n    background-color: #fcf8e3;\n    border-color: #faebcc;\n    color: #8a6d3b;\n}\n\t\t\t<\/style>\n\t\t\t<\/div>\n\t\t\t\t\t\t<\/div>\n\t\t\t\t\t<\/div>\n\t\t\t\t<\/div>\n\t\t\t\t<\/div>\n\t\t<div class=\"elementor-element elementor-element-6099d0f e-flex e-con-boxed e-con e-parent\" data-id=\"6099d0f\" data-element_type=\"container\">\n\t\t\t\t\t<div class=\"e-con-inner\">\n\t\t\t\t<div class=\"elementor-element elementor-element-0759dc2 elementor-widget elementor-widget-google_maps\" data-id=\"0759dc2\" data-element_type=\"widget\" data-widget_type=\"google_maps.default\">\n\t\t\t\t\t\t\t<div class=\"elementor-custom-embed\">\n\t\t\t<iframe loading=\"lazy\"\n\t\t\t\t\tsrc=\"https:\/\/maps.google.com\/maps?q=7%20Rue%20de%20la%20Crouzette%2C%2012160%20Moyraz%C3%A8s%2C%20France&#038;t=m&#038;z=14&#038;output=embed&#038;iwloc=near\"\n\t\t\t\t\ttitle=\"7 Rue de la Crouzette, 12160 Moyraz\u00e8s, France\"\n\t\t\t\t\taria-label=\"7 Rue de la Crouzette, 12160 Moyraz\u00e8s, France\"\n\t\t\t><\/iframe>\n\t\t<\/div>\n\t\t\t\t\t\t<\/div>\n\t\t\t\t\t<\/div>\n\t\t\t\t<\/div>\n\t\t\t\t<\/div>\n\t\t","protected":false},"excerpt":{"rendered":"<p>CONDITIONS G\u00c9N\u00c9RALES Derni\u00e8re mise \u00e0 jour : 03 Juillet 2025<\/p>\n","protected":false},"author":1,"featured_media":0,"parent":0,"menu_order":0,"comment_status":"closed","ping_status":"closed","template":"elementor_header_footer","meta":{"site-sidebar-layout":"no-sidebar","site-content-layout":"","ast-site-content-layout":"full-width-container","site-content-style":"default","site-sidebar-style":"default","ast-global-header-display":"","ast-banner-title-visibility":"","ast-main-header-display":"","ast-hfb-above-header-display":"","ast-hfb-below-header-display":"","ast-hfb-mobile-header-display":"","site-post-title":"","ast-breadcrumbs-content":"","ast-featured-img":"disabled","footer-sml-layout":"","theme-transparent-header-meta":"","adv-header-id-meta":"","stick-header-meta":"","header-above-stick-meta":"","header-main-stick-meta":"","header-below-stick-meta":"","astra-migrate-meta-layouts":"default","ast-page-background-enabled":"default","ast-page-background-meta":{"desktop":{"background-color":"var(--ast-global-color-5)","background-image":"","background-repeat":"repeat","background-position":"center center","background-size":"auto","background-attachment":"scroll","background-type":"","background-media":"","overlay-type":"","overlay-color":"","overlay-opacity":"","overlay-gradient":""},"tablet":{"background-color":"","background-image":"","background-repeat":"repeat","background-position":"center center","background-size":"auto","background-attachment":"scroll","background-type":"","background-media":"","overlay-type":"","overlay-color":"","overlay-opacity":"","overlay-gradient":""},"mobile":{"background-color":"","background-image":"","background-repeat":"repeat","background-position":"center center","background-size":"auto","background-attachment":"scroll","background-type":"","background-media":"","overlay-type":"","overlay-color":"","overlay-opacity":"","overlay-gradient":""}},"ast-content-background-meta":{"desktop":{"background-color":"var(--ast-global-color-4)","background-image":"","background-repeat":"repeat","background-position":"center center","background-size":"auto","background-attachment":"scroll","background-type":"","background-media":"","overlay-type":"","overlay-color":"","overlay-opacity":"","overlay-gradient":""},"tablet":{"background-color":"var(--ast-global-color-4)","background-image":"","background-repeat":"repeat","background-position":"center center","background-size":"auto","background-attachment":"scroll","background-type":"","background-media":"","overlay-type":"","overlay-color":"","overlay-opacity":"","overlay-gradient":""},"mobile":{"background-color":"var(--ast-global-color-4)","background-image":"","background-repeat":"repeat","background-position":"center center","background-size":"auto","background-attachment":"scroll","background-type":"","background-media":"","overlay-type":"","overlay-color":"","overlay-opacity":"","overlay-gradient":""}},"footnotes":""},"class_list":["post-407","page","type-page","status-publish","hentry"],"yoast_head":"<!-- This site is optimized with the Yoast SEO plugin v26.1 - https:\/\/yoast.com\/wordpress\/plugins\/seo\/ -->\n<title>Conditions G\u00e9n\u00e9rales - Eden Villa<\/title>\n<meta name=\"robots\" content=\"index, follow, max-snippet:-1, max-image-preview:large, max-video-preview:-1\" \/>\n<link rel=\"canonical\" href=\"https:\/\/eden-villa.com\/index.php\/conditions-generales\/\" \/>\n<meta property=\"og:locale\" content=\"fr_FR\" \/>\n<meta property=\"og:type\" content=\"article\" \/>\n<meta property=\"og:title\" content=\"Conditions G\u00e9n\u00e9rales - Eden Villa\" \/>\n<meta property=\"og:description\" content=\"CONDITIONS G\u00c9N\u00c9RALES Derni\u00e8re mise \u00e0 jour : 03 Juillet 2025\" \/>\n<meta property=\"og:url\" content=\"https:\/\/eden-villa.com\/index.php\/conditions-generales\/\" \/>\n<meta property=\"og:site_name\" content=\"Eden Villa\" \/>\n<meta property=\"article:modified_time\" content=\"2025-09-22T12:20:00+00:00\" \/>\n<meta name=\"twitter:card\" content=\"summary_large_image\" \/>\n<script type=\"application\/ld+json\" class=\"yoast-schema-graph\">{\"@context\":\"https:\/\/schema.org\",\"@graph\":[{\"@type\":\"WebPage\",\"@id\":\"https:\/\/eden-villa.com\/index.php\/conditions-generales\/\",\"url\":\"https:\/\/eden-villa.com\/index.php\/conditions-generales\/\",\"name\":\"Conditions G\u00e9n\u00e9rales - Eden Villa\",\"isPartOf\":{\"@id\":\"https:\/\/eden-villa.com\/#website\"},\"datePublished\":\"2025-09-20T18:13:38+00:00\",\"dateModified\":\"2025-09-22T12:20:00+00:00\",\"breadcrumb\":{\"@id\":\"https:\/\/eden-villa.com\/index.php\/conditions-generales\/#breadcrumb\"},\"inLanguage\":\"fr-FR\",\"potentialAction\":[{\"@type\":\"ReadAction\",\"target\":[\"https:\/\/eden-villa.com\/index.php\/conditions-generales\/\"]}]},{\"@type\":\"BreadcrumbList\",\"@id\":\"https:\/\/eden-villa.com\/index.php\/conditions-generales\/#breadcrumb\",\"itemListElement\":[{\"@type\":\"ListItem\",\"position\":1,\"name\":\"Accueil\",\"item\":\"https:\/\/eden-villa.com\/\"},{\"@type\":\"ListItem\",\"position\":2,\"name\":\"Conditions G\u00e9n\u00e9rales\"}]},{\"@type\":\"WebSite\",\"@id\":\"https:\/\/eden-villa.com\/#website\",\"url\":\"https:\/\/eden-villa.com\/\",\"name\":\"Eden Villa\",\"description\":\"Location Saisonni\u00e8re\",\"publisher\":{\"@id\":\"https:\/\/eden-villa.com\/#organization\"},\"potentialAction\":[{\"@type\":\"SearchAction\",\"target\":{\"@type\":\"EntryPoint\",\"urlTemplate\":\"https:\/\/eden-villa.com\/?s={search_term_string}\"},\"query-input\":{\"@type\":\"PropertyValueSpecification\",\"valueRequired\":true,\"valueName\":\"search_term_string\"}}],\"inLanguage\":\"fr-FR\"},{\"@type\":\"Organization\",\"@id\":\"https:\/\/eden-villa.com\/#organization\",\"name\":\"Eden Villa\",\"url\":\"https:\/\/eden-villa.com\/\",\"logo\":{\"@type\":\"ImageObject\",\"inLanguage\":\"fr-FR\",\"@id\":\"https:\/\/eden-villa.com\/#\/schema\/logo\/image\/\",\"url\":\"https:\/\/eden-villa.com\/wp-content\/uploads\/2025\/09\/WhatsApp-Image-2025-09-04-a-15.01.35_5da4485b.jpg\",\"contentUrl\":\"https:\/\/eden-villa.com\/wp-content\/uploads\/2025\/09\/WhatsApp-Image-2025-09-04-a-15.01.35_5da4485b.jpg\",\"width\":1024,\"height\":1024,\"caption\":\"Eden Villa\"},\"image\":{\"@id\":\"https:\/\/eden-villa.com\/#\/schema\/logo\/image\/\"}}]}<\/script>\n<!-- \/ Yoast SEO plugin. -->","yoast_head_json":{"title":"Conditions G\u00e9n\u00e9rales - Eden Villa","robots":{"index":"index","follow":"follow","max-snippet":"max-snippet:-1","max-image-preview":"max-image-preview:large","max-video-preview":"max-video-preview:-1"},"canonical":"https:\/\/eden-villa.com\/index.php\/conditions-generales\/","og_locale":"fr_FR","og_type":"article","og_title":"Conditions G\u00e9n\u00e9rales - Eden Villa","og_description":"CONDITIONS G\u00c9N\u00c9RALES Derni\u00e8re mise \u00e0 jour : 03 Juillet 2025","og_url":"https:\/\/eden-villa.com\/index.php\/conditions-generales\/","og_site_name":"Eden Villa","article_modified_time":"2025-09-22T12:20:00+00:00","twitter_card":"summary_large_image","schema":{"@context":"https:\/\/schema.org","@graph":[{"@type":"WebPage","@id":"https:\/\/eden-villa.com\/index.php\/conditions-generales\/","url":"https:\/\/eden-villa.com\/index.php\/conditions-generales\/","name":"Conditions G\u00e9n\u00e9rales - Eden Villa","isPartOf":{"@id":"https:\/\/eden-villa.com\/#website"},"datePublished":"2025-09-20T18:13:38+00:00","dateModified":"2025-09-22T12:20:00+00:00","breadcrumb":{"@id":"https:\/\/eden-villa.com\/index.php\/conditions-generales\/#breadcrumb"},"inLanguage":"fr-FR","potentialAction":[{"@type":"ReadAction","target":["https:\/\/eden-villa.com\/index.php\/conditions-generales\/"]}]},{"@type":"BreadcrumbList","@id":"https:\/\/eden-villa.com\/index.php\/conditions-generales\/#breadcrumb","itemListElement":[{"@type":"ListItem","position":1,"name":"Accueil","item":"https:\/\/eden-villa.com\/"},{"@type":"ListItem","position":2,"name":"Conditions G\u00e9n\u00e9rales"}]},{"@type":"WebSite","@id":"https:\/\/eden-villa.com\/#website","url":"https:\/\/eden-villa.com\/","name":"Eden Villa","description":"Location Saisonni\u00e8re","publisher":{"@id":"https:\/\/eden-villa.com\/#organization"},"potentialAction":[{"@type":"SearchAction","target":{"@type":"EntryPoint","urlTemplate":"https:\/\/eden-villa.com\/?s={search_term_string}"},"query-input":{"@type":"PropertyValueSpecification","valueRequired":true,"valueName":"search_term_string"}}],"inLanguage":"fr-FR"},{"@type":"Organization","@id":"https:\/\/eden-villa.com\/#organization","name":"Eden Villa","url":"https:\/\/eden-villa.com\/","logo":{"@type":"ImageObject","inLanguage":"fr-FR","@id":"https:\/\/eden-villa.com\/#\/schema\/logo\/image\/","url":"https:\/\/eden-villa.com\/wp-content\/uploads\/2025\/09\/WhatsApp-Image-2025-09-04-a-15.01.35_5da4485b.jpg","contentUrl":"https:\/\/eden-villa.com\/wp-content\/uploads\/2025\/09\/WhatsApp-Image-2025-09-04-a-15.01.35_5da4485b.jpg","width":1024,"height":1024,"caption":"Eden Villa"},"image":{"@id":"https:\/\/eden-villa.com\/#\/schema\/logo\/image\/"}}]}},"_links":{"self":[{"href":"https:\/\/eden-villa.com\/index.php\/wp-json\/wp\/v2\/pages\/407","targetHints":{"allow":["GET"]}}],"collection":[{"href":"https:\/\/eden-villa.com\/index.php\/wp-json\/wp\/v2\/pages"}],"about":[{"href":"https:\/\/eden-villa.com\/index.php\/wp-json\/wp\/v2\/types\/page"}],"author":[{"embeddable":true,"href":"https:\/\/eden-villa.com\/index.php\/wp-json\/wp\/v2\/users\/1"}],"replies":[{"embeddable":true,"href":"https:\/\/eden-villa.com\/index.php\/wp-json\/wp\/v2\/comments?post=407"}],"version-history":[{"count":7,"href":"https:\/\/eden-villa.com\/index.php\/wp-json\/wp\/v2\/pages\/407\/revisions"}],"predecessor-version":[{"id":437,"href":"https:\/\/eden-villa.com\/index.php\/wp-json\/wp\/v2\/pages\/407\/revisions\/437"}],"wp:attachment":[{"href":"https:\/\/eden-villa.com\/index.php\/wp-json\/wp\/v2\/media?parent=407"}],"curies":[{"name":"wp","href":"https:\/\/api.w.org\/{rel}","templated":true}]}}