{"id":377,"date":"2025-09-20T09:10:17","date_gmt":"2025-09-20T07:10:17","guid":{"rendered":"https:\/\/eden-villa.com\/?page_id=377"},"modified":"2025-09-22T14:20:33","modified_gmt":"2025-09-22T12:20:33","slug":"politique-en-matiere-de-cookies","status":"publish","type":"page","link":"https:\/\/eden-villa.com\/index.php\/politique-en-matiere-de-cookies\/","title":{"rendered":"Politique en mati\u00e8re de cookies"},"content":{"rendered":"\t\t<div data-elementor-type=\"wp-page\" data-elementor-id=\"377\" class=\"elementor elementor-377\">\n\t\t\t\t<div class=\"elementor-element elementor-element-68f9f60 e-flex e-con-boxed e-con e-parent\" data-id=\"68f9f60\" data-element_type=\"container\">\n\t\t\t\t\t<div class=\"e-con-inner\">\n\t\t\t\t<div class=\"elementor-element elementor-element-0b993ff elementor-widget elementor-widget-heading\" data-id=\"0b993ff\" data-element_type=\"widget\" data-widget_type=\"heading.default\">\n\t\t\t\t\t<h2 class=\"elementor-heading-title elementor-size-default\"><h1 class=\"font_4 wixui-rich-text__text\" style=\"background: transparent;font-style: normal;font-weight: 400;font-size: 25px;line-height: normal;font-family: brandon-grot-w01-light, sans-serif;text-align: center\">Politique de confidentialit\u00e9 des cookies<\/h1><\/h2>\t\t\t\t<\/div>\n\t\t\t\t<div class=\"elementor-element elementor-element-c823ccf elementor-widget elementor-widget-heading\" data-id=\"c823ccf\" data-element_type=\"widget\" data-widget_type=\"heading.default\">\n\t\t\t\t\t<h2 class=\"elementor-heading-title elementor-size-default\">\n\n1. Qu'est-ce qu'un cookie ?<\/h2>\t\t\t\t<\/div>\n\t\t\t\t<div class=\"elementor-element elementor-element-ea2e6a9 elementor-widget elementor-widget-text-editor\" data-id=\"ea2e6a9\" data-element_type=\"widget\" data-widget_type=\"text-editor.default\">\n\t\t\t\t\t\t\t\t\t<p>Un cookie est un petit fichier constitu\u00e9 de lettres et de chiffres et t\u00e9l\u00e9charg\u00e9 sur votre ordinateur lorsque vous acc\u00e9dez \u00e0 certains sites web. En g\u00e9n\u00e9ral, les cookies permettent \u00e0 un site web de reconna\u00eetre l&rsquo;ordinateur de l\u2019utilisateur.<br class=\"wixui-rich-text__text\" \/>\u200b<br class=\"wixui-rich-text__text\" \/>Nous utilisons des cookies pour am\u00e9liorer la convivialit\u00e9 de notre site web, par exemple en m\u00e9morisant les pr\u00e9f\u00e9rences du site et les param\u00e8tres linguistiques.<\/p>\t\t\t\t\t\t\t\t<\/div>\n\t\t\t\t<div class=\"elementor-element elementor-element-b78da12 elementor-widget elementor-widget-heading\" data-id=\"b78da12\" data-element_type=\"widget\" data-widget_type=\"heading.default\">\n\t\t\t\t\t<h2 class=\"elementor-heading-title elementor-size-default\">2. Pourquoi utilisons-nous des cookies ?<\/h2>\t\t\t\t<\/div>\n\t\t\t\t<div class=\"elementor-element elementor-element-ae00318 elementor-widget elementor-widget-text-editor\" data-id=\"ae00318\" data-element_type=\"widget\" data-widget_type=\"text-editor.default\">\n\t\t\t\t\t\t\t\t\t<p>Nous pouvons utiliser des cookies et d&rsquo;autres technologies similaires pour un certain nombre de raisons, telles que : i) am\u00e9liorer la s\u00e9curit\u00e9 et pr\u00e9venir la fraude, ii) fournir les services choisis par nos utilisateurs, iii) \u00e9valuer les performances et l&rsquo;efficacit\u00e9 de notre service, et iv) am\u00e9liorer l&rsquo;exp\u00e9rience utilisateur.<\/p>\t\t\t\t\t\t\t\t<\/div>\n\t\t\t\t<div class=\"elementor-element elementor-element-4ea4dec elementor-widget elementor-widget-heading\" data-id=\"4ea4dec\" data-element_type=\"widget\" data-widget_type=\"heading.default\">\n\t\t\t\t\t<h2 class=\"elementor-heading-title elementor-size-default\">3. Liste des cookies :<\/h2>\t\t\t\t<\/div>\n\t\t\t\t<div class=\"elementor-element elementor-element-fe6b3ae elementor-widget elementor-widget-text-editor\" data-id=\"fe6b3ae\" data-element_type=\"widget\" data-widget_type=\"text-editor.default\">\n\t\t\t\t\t\t\t\t\t<p>Dans cette section, vous trouverez la liste des cookies que nous utilisons sur notre site. Pour plus d&rsquo;informations, veuillez consulter notre politique de confidentialit\u00e9.<\/p>\t\t\t\t\t\t\t\t<\/div>\n\t\t\t\t<div class=\"elementor-element elementor-element-d14d6ee elementor-widget elementor-widget-heading\" data-id=\"d14d6ee\" data-element_type=\"widget\" data-widget_type=\"heading.default\">\n\t\t\t\t\t<h2 class=\"elementor-heading-title elementor-size-default\">4. Vos choix :<\/h2>\t\t\t\t<\/div>\n\t\t\t\t<div class=\"elementor-element elementor-element-916a3a2 elementor-widget elementor-widget-text-editor\" data-id=\"916a3a2\" data-element_type=\"widget\" data-widget_type=\"text-editor.default\">\n\t\t\t\t\t\t\t\t\t<p class=\"font_8 wixui-rich-text__text\"><span class=\"wixui-rich-text__text\">Pour en savoir plus sur les cookies, y compris comment les g\u00e9rer, les supprimer ou les bloquer, veuillez consulter notre politique de confidentialit\u00e9. Vous pouvez \u00e9galement modifier les param\u00e8tres de votre navigateur pour refuser les cookies. Veuillez noter que cela pourrait affecter n\u00e9gativement votre exp\u00e9rience utilisateur. Pour plus d&rsquo;informations, consultez les liens suivants ou l&rsquo;aide de votre navigateur.<\/span><\/p><p class=\"font_8 wixui-rich-text__text\">Lors de votre premi\u00e8re visite, une banni\u00e8re de cookies peut s&rsquo;afficher selon la configuration Wix. Vous pouvez refuser certains cookies non essentiels via votre navigateur.<br class=\"wixui-rich-text__text\" \/>Pour g\u00e9rer les cookies dans votre navigateur :<\/p><ul class=\"font_8 wixui-rich-text__text\"><li class=\"wixui-rich-text__text\"><p class=\"font_8 wixui-rich-text__text\">Chrome : Param\u00e8tres &gt; Confidentialit\u00e9 et s\u00e9curit\u00e9 &gt; Cookies<\/p><\/li><li class=\"wixui-rich-text__text\"><p class=\"font_8 wixui-rich-text__text\">Firefox : Pr\u00e9f\u00e9rences &gt; Vie priv\u00e9e &gt; Cookies et donn\u00e9es<\/p><\/li><li class=\"wixui-rich-text__text\"><p class=\"font_8 wixui-rich-text__text\">Safari : R\u00e9glages &gt; Confidentialit\u00e9<\/p><\/li><\/ul>\t\t\t\t\t\t\t\t<\/div>\n\t\t\t\t<div class=\"elementor-element elementor-element-15668e6 elementor-widget elementor-widget-heading\" data-id=\"15668e6\" data-element_type=\"widget\" data-widget_type=\"heading.default\">\n\t\t\t\t\t<h2 class=\"elementor-heading-title elementor-size-default\">5. Dur\u00e9e de conservation :\n<\/h2>\t\t\t\t<\/div>\n\t\t\t\t<div class=\"elementor-element elementor-element-0f02dc7 elementor-widget elementor-widget-text-editor\" data-id=\"0f02dc7\" data-element_type=\"widget\" data-widget_type=\"text-editor.default\">\n\t\t\t\t\t\t\t\t\t<p class=\"font_8 wixui-rich-text__text\">Les cookies sont conserv\u00e9s pour une dur\u00e9e maximale de 13 mois \u00e0 partir de leur d\u00e9p\u00f4t sur votre terminal.<\/p>\t\t\t\t\t\t\t\t<\/div>\n\t\t\t\t<div class=\"elementor-element elementor-element-ac14d64 elementor-widget elementor-widget-heading\" data-id=\"ac14d64\" data-element_type=\"widget\" data-widget_type=\"heading.default\">\n\t\t\t\t\t<h2 class=\"elementor-heading-title elementor-size-default\">6. Contact :<\/h2>\t\t\t\t<\/div>\n\t\t\t\t<div class=\"elementor-element elementor-element-1f4552f elementor-widget elementor-widget-text-editor\" data-id=\"1f4552f\" data-element_type=\"widget\" data-widget_type=\"text-editor.default\">\n\t\t\t\t\t\t\t\t\t<p class=\"font_8 wixui-rich-text__text\">Pour toute question relative \u00e0 l\u2019usage des cookies :<br class=\"wixui-rich-text__text\" \/>\u00a0<span class=\"wixui-rich-text__text\"><a class=\"wixui-rich-text__text\" href=\"mailto:villaeden.aveyron@gmail.com\" target=\"_self\">villaeden.aveyron@gmail.com<\/a><\/span><\/p>\t\t\t\t\t\t\t\t<\/div>\n\t\t\t\t\t<\/div>\n\t\t\t\t<\/div>\n\t\t<div class=\"elementor-element elementor-element-e7c9e07 e-con-full e-flex e-con e-parent\" data-id=\"e7c9e07\" data-element_type=\"container\" data-settings=\"{&quot;background_background&quot;:&quot;classic&quot;}\">\n\t\t\t\t<div class=\"elementor-element elementor-element-4805f45 elementor-widget elementor-widget-text-editor\" data-id=\"4805f45\" data-element_type=\"widget\" data-widget_type=\"text-editor.default\">\n\t\t\t\t\t\t\t\t\t<div style=\"font-family: 'Brandon Grotesque', sans-serif; font-size: 25px; color: #242323; font-weight: 200;\">CONTACT<\/div>\t\t\t\t\t\t\t\t<\/div>\n\t\t<div class=\"elementor-element elementor-element-44ed21d e-con-full e-flex e-con e-child\" data-id=\"44ed21d\" data-element_type=\"container\">\n\t\t\t\t<div class=\"elementor-element elementor-element-b17a677 elementor-widget elementor-widget-text-editor\" data-id=\"b17a677\" data-element_type=\"widget\" data-widget_type=\"text-editor.default\">\n\t\t\t\t\t\t\t\t\t<div id=\"comp-ishoi88h\" class=\"Z_l5lU ku3DBC zQ9jDz qvSjx3 Vq6kJx comp-ishoi88h wixui-rich-text\" data-testid=\"richTextElement\"><p class=\"font_8 wixui-rich-text__text\"><span class=\"wixui-rich-text__text\"><a class=\"wixui-rich-text__text\" href=\"mailto:villaeden.aveyron@gmail.com\" data-auto-recognition=\"true\">villaeden.aveyron@gmail.com<\/a><\/span><\/p><\/div>\t\t\t\t\t\t\t\t<\/div>\n\t\t\t\t<div class=\"elementor-element elementor-element-bb46b49 elementor-widget elementor-widget-text-editor\" data-id=\"bb46b49\" data-element_type=\"widget\" data-widget_type=\"text-editor.default\">\n\t\t\t\t\t\t\t\t\t<div id=\"comp-ishoi88h\" class=\"Z_l5lU ku3DBC zQ9jDz qvSjx3 Vq6kJx comp-ishoi88h wixui-rich-text\" data-testid=\"richTextElement\"><p class=\"font_8 wixui-rich-text__text\"><span class=\"wixui-rich-text__text\">7, Rue de la Crouzette &#8211; 12 160 MOYRAZES<\/span><\/p><\/div>\t\t\t\t\t\t\t\t<\/div>\n\t\t\t\t<div class=\"elementor-element elementor-element-cc59498 elementor-widget elementor-widget-text-editor\" data-id=\"cc59498\" data-element_type=\"widget\" data-widget_type=\"text-editor.default\">\n\t\t\t\t\t\t\t\t\t<div id=\"comp-ishoi88h\" class=\"Z_l5lU ku3DBC zQ9jDz qvSjx3 Vq6kJx comp-ishoi88h wixui-rich-text\" data-testid=\"richTextElement\"><p class=\"font_8 wixui-rich-text__text\">T\u00e9l : 06 34 68 97 07<\/p><\/div>\t\t\t\t\t\t\t\t<\/div>\n\t\t\t\t<\/div>\n\t\t<div class=\"elementor-element elementor-element-cc41537 e-flex e-con-boxed e-con e-child\" data-id=\"cc41537\" data-element_type=\"container\">\n\t\t\t\t\t<div class=\"e-con-inner\">\n\t\t\t\t<div class=\"elementor-element elementor-element-b849cb7 elementor-widget elementor-widget-shortcode\" data-id=\"b849cb7\" data-element_type=\"widget\" data-widget_type=\"shortcode.default\">\n\t\t\t\t\t\t\t<div class=\"elementor-shortcode\">\n\t\t\t<form id=\"sib_signup_form_2\" method=\"post\" class=\"sib_signup_form\">\n\t\t\t\t<div class=\"sib_loader\" style=\"display:none;\"><img\n\t\t\t\t\t\t\tsrc=\"https:\/\/eden-villa.com\/wp-includes\/images\/spinner.gif\" alt=\"loader\"><\/div>\n\t\t\t\t<input type=\"hidden\" name=\"sib_form_action\" value=\"subscribe_form_submit\">\n\t\t\t\t<input type=\"hidden\" name=\"sib_form_id\" value=\"2\">\n                <input type=\"hidden\" name=\"sib_form_alert_notice\" value=\"Remplissez ce champ s\u2019il vous pla\u00eet\">\n                <input type=\"hidden\" name=\"sib_form_invalid_email_notice\" value=\"Cette adresse email n&#039;est pas valide\">\n                <input type=\"hidden\" name=\"sib_security\" value=\"bda90cadfb\">\n\t\t\t\t<div class=\"sib_signup_box_inside_2\">\n\t\t\t\t\t<div style=\"\/*display:none*\/\" class=\"sib_msg_disp\">\n\t\t\t\t\t<\/div>\n                    \t\t\t\t\t  <div class=\"prenom-numero\">\r\n    <p class=\"sib-LASTNAME-area\">\r\n      <input type=\"text\" name=\"LASTNAME\" placeholder=\"Pr\u00e9nom\">\r\n    <\/p>\r\n\r\n    <p class=\"sib-NUMERO-area\">\r\n      <input type=\"text\" name=\"NUMERO\" placeholder=\"Num\u00e9ro\">\r\n    <\/p>\r\n  <\/div>\r\n<br \/>\r\n  <p class=\"sib-email-area\">\r\n    <input type=\"email\" name=\"email\" placeholder=\"E-mail\" required>\r\n  <\/p>\r\n<br \/>\r\n  <p class=\"sib-MESSAGE-area\">\r\n    <textarea name=\"MESSAGE\"><\/textarea>\r\n  <\/p>\r\n\r\n  <p>\r\n    <input type=\"submit\" class=\"sib-default-btn\" value=\"Envoyer\">\r\n  <\/p>\t\t\t\t<\/div>\n\t\t\t<\/form>\n\t\t\t<style>\n\t\t\t\t\/* ---- CONTENEUR GLOBAL ---- *\/ form { max-width: 1500px; margin: 40px auto; background:#FCFCFC; padding: 20px; box-sizing: border-box; font-family: &quot;Times New Roman&quot;, serif; } \/* ---- LIGNES DU FORMULAIRE ---- *\/ form p { margin: 10px 0; } \/* ---- CHAMPS GENERAUX ---- *\/ form input[type=&quot;text&quot;], form input[type=&quot;email&quot;], form textarea { width: 100%; padding: 8px; border: 1px solid #999; box-sizing: border-box; font-size: 15px; background: #fff; } \/* Email avec bordure rouge quand invalide *\/ form input[type=&quot;email&quot;]:invalid { border: 1px solid red; } \/* ---- PR\u00c9NOM + NUM\u00c9RO SUR LA M\u00caME LIGNE ---- *\/ .prenom-numero { display: flex; \/* Met les 2 champs c\u00f4te \u00e0 c\u00f4te *\/ gap: 4%; \/* Espacement horizontal *\/ } .prenom-numero p { flex: 1; \/* Les deux colonnes prennent la m\u00eame largeur *\/ margin: 0; \/* Supprime la marge verticale inutile *\/ } \/* ---- ZONE MESSAGE ---- *\/ .sib-MESSAGE-area textarea { min-height: 100px; resize: vertical; } \/* ---- BOUTON ---- *\/ .sib-default-btn { display: block; margin: 20px auto 0; padding: 8px 18px; font-style: italic; font-size: 16px; color: black;border: none; cursor: pointer; } .sib-default-btn:hover { color : #bebbbf; } input.sib-default-btn { color: #515962; } input[type=&quot;text&quot;], input[type=&quot;number&quot;], input[type=&quot;email&quot;], input[type=&quot;url&quot;], input[type=&quot;password&quot;], input[type=&quot;search&quot;], input[type=reset], input[type=tel], input[type=date], select { height: 40px; border: 1px solid black!important; } .sib-MESSAGE-area textarea { min-height: 100px; resize: vertical; border: 1px solid black; }form#sib_signup_form_2 p.sib-alert-message {\n    padding: 6px 12px;\n    margin-bottom: 20px;\n    border: 1px solid transparent;\n    border-radius: 4px;\n    -webkit-box-sizing: border-box;\n    -moz-box-sizing: border-box;\n    box-sizing: border-box;\n}\nform#sib_signup_form_2 p.sib-alert-message-error {\n    background-color: #f2dede;\n    border-color: #ebccd1;\n    color: #a94442;\n}\nform#sib_signup_form_2 p.sib-alert-message-success {\n    background-color: #dff0d8;\n    border-color: #d6e9c6;\n    color: #3c763d;\n}\nform#sib_signup_form_2 p.sib-alert-message-warning {\n    background-color: #fcf8e3;\n    border-color: #faebcc;\n    color: #8a6d3b;\n}\n\t\t\t<\/style>\n\t\t\t<\/div>\n\t\t\t\t\t\t<\/div>\n\t\t\t\t\t<\/div>\n\t\t\t\t<\/div>\n\t\t\t\t<\/div>\n\t\t<div class=\"elementor-element elementor-element-5c2c366 e-flex e-con-boxed e-con e-parent\" data-id=\"5c2c366\" data-element_type=\"container\">\n\t\t\t\t\t<div class=\"e-con-inner\">\n\t\t\t\t<div class=\"elementor-element elementor-element-312bc17 elementor-widget elementor-widget-google_maps\" data-id=\"312bc17\" data-element_type=\"widget\" data-widget_type=\"google_maps.default\">\n\t\t\t\t\t\t\t<div class=\"elementor-custom-embed\">\n\t\t\t<iframe loading=\"lazy\"\n\t\t\t\t\tsrc=\"https:\/\/maps.google.com\/maps?q=7%20Rue%20de%20la%20Crouzette%2C%2012160%20Moyraz%C3%A8s%2C%20France&#038;t=m&#038;z=14&#038;output=embed&#038;iwloc=near\"\n\t\t\t\t\ttitle=\"7 Rue de la Crouzette, 12160 Moyraz\u00e8s, France\"\n\t\t\t\t\taria-label=\"7 Rue de la Crouzette, 12160 Moyraz\u00e8s, France\"\n\t\t\t><\/iframe>\n\t\t<\/div>\n\t\t\t\t\t\t<\/div>\n\t\t\t\t\t<\/div>\n\t\t\t\t<\/div>\n\t\t\t\t<\/div>\n\t\t","protected":false},"excerpt":{"rendered":"<p>Politique de confidentialit\u00e9 des cookies 1. Qu&rsquo;est-ce qu&rsquo;un cookie ? Un cookie est un petit fichier constitu\u00e9 de lettres et [&hellip;]<\/p>\n","protected":false},"author":1,"featured_media":0,"parent":0,"menu_order":0,"comment_status":"closed","ping_status":"closed","template":"elementor_header_footer","meta":{"site-sidebar-layout":"no-sidebar","site-content-layout":"","ast-site-content-layout":"full-width-container","site-content-style":"default","site-sidebar-style":"default","ast-global-header-display":"","ast-banner-title-visibility":"","ast-main-header-display":"","ast-hfb-above-header-display":"","ast-hfb-below-header-display":"","ast-hfb-mobile-header-display":"","site-post-title":"","ast-breadcrumbs-content":"","ast-featured-img":"disabled","footer-sml-layout":"","theme-transparent-header-meta":"","adv-header-id-meta":"","stick-header-meta":"","header-above-stick-meta":"","header-main-stick-meta":"","header-below-stick-meta":"","astra-migrate-meta-layouts":"default","ast-page-background-enabled":"default","ast-page-background-meta":{"desktop":{"background-color":"var(--ast-global-color-5)","background-image":"","background-repeat":"repeat","background-position":"center center","background-size":"auto","background-attachment":"scroll","background-type":"","background-media":"","overlay-type":"","overlay-color":"","overlay-opacity":"","overlay-gradient":""},"tablet":{"background-color":"","background-image":"","background-repeat":"repeat","background-position":"center center","background-size":"auto","background-attachment":"scroll","background-type":"","background-media":"","overlay-type":"","overlay-color":"","overlay-opacity":"","overlay-gradient":""},"mobile":{"background-color":"","background-image":"","background-repeat":"repeat","background-position":"center center","background-size":"auto","background-attachment":"scroll","background-type":"","background-media":"","overlay-type":"","overlay-color":"","overlay-opacity":"","overlay-gradient":""}},"ast-content-background-meta":{"desktop":{"background-color":"var(--ast-global-color-4)","background-image":"","background-repeat":"repeat","background-position":"center center","background-size":"auto","background-attachment":"scroll","background-type":"","background-media":"","overlay-type":"","overlay-color":"","overlay-opacity":"","overlay-gradient":""},"tablet":{"background-color":"var(--ast-global-color-4)","background-image":"","background-repeat":"repeat","background-position":"center center","background-size":"auto","background-attachment":"scroll","background-type":"","background-media":"","overlay-type":"","overlay-color":"","overlay-opacity":"","overlay-gradient":""},"mobile":{"background-color":"var(--ast-global-color-4)","background-image":"","background-repeat":"repeat","background-position":"center center","background-size":"auto","background-attachment":"scroll","background-type":"","background-media":"","overlay-type":"","overlay-color":"","overlay-opacity":"","overlay-gradient":""}},"footnotes":""},"class_list":["post-377","page","type-page","status-publish","hentry"],"yoast_head":"<!-- This site is optimized with the Yoast SEO plugin v26.1 - https:\/\/yoast.com\/wordpress\/plugins\/seo\/ -->\n<title>Politique en mati\u00e8re de cookies - Eden Villa<\/title>\n<meta name=\"robots\" content=\"index, follow, max-snippet:-1, max-image-preview:large, max-video-preview:-1\" \/>\n<link rel=\"canonical\" href=\"https:\/\/eden-villa.com\/index.php\/politique-en-matiere-de-cookies\/\" \/>\n<meta property=\"og:locale\" content=\"fr_FR\" \/>\n<meta property=\"og:type\" content=\"article\" \/>\n<meta property=\"og:title\" content=\"Politique en mati\u00e8re de cookies - Eden Villa\" \/>\n<meta property=\"og:description\" content=\"Politique de confidentialit\u00e9 des cookies 1. Qu&rsquo;est-ce qu&rsquo;un cookie ? Un cookie est un petit fichier constitu\u00e9 de lettres et [&hellip;]\" \/>\n<meta property=\"og:url\" content=\"https:\/\/eden-villa.com\/index.php\/politique-en-matiere-de-cookies\/\" \/>\n<meta property=\"og:site_name\" content=\"Eden Villa\" \/>\n<meta property=\"article:modified_time\" content=\"2025-09-22T12:20:33+00:00\" \/>\n<meta name=\"twitter:card\" content=\"summary_large_image\" \/>\n<meta name=\"twitter:label1\" content=\"Dur\u00e9e de lecture estim\u00e9e\" \/>\n\t<meta name=\"twitter:data1\" content=\"2 minutes\" \/>\n<script type=\"application\/ld+json\" class=\"yoast-schema-graph\">{\"@context\":\"https:\/\/schema.org\",\"@graph\":[{\"@type\":\"WebPage\",\"@id\":\"https:\/\/eden-villa.com\/index.php\/politique-en-matiere-de-cookies\/\",\"url\":\"https:\/\/eden-villa.com\/index.php\/politique-en-matiere-de-cookies\/\",\"name\":\"Politique en mati\u00e8re de cookies - Eden Villa\",\"isPartOf\":{\"@id\":\"https:\/\/eden-villa.com\/#website\"},\"datePublished\":\"2025-09-20T07:10:17+00:00\",\"dateModified\":\"2025-09-22T12:20:33+00:00\",\"breadcrumb\":{\"@id\":\"https:\/\/eden-villa.com\/index.php\/politique-en-matiere-de-cookies\/#breadcrumb\"},\"inLanguage\":\"fr-FR\",\"potentialAction\":[{\"@type\":\"ReadAction\",\"target\":[\"https:\/\/eden-villa.com\/index.php\/politique-en-matiere-de-cookies\/\"]}]},{\"@type\":\"BreadcrumbList\",\"@id\":\"https:\/\/eden-villa.com\/index.php\/politique-en-matiere-de-cookies\/#breadcrumb\",\"itemListElement\":[{\"@type\":\"ListItem\",\"position\":1,\"name\":\"Accueil\",\"item\":\"https:\/\/eden-villa.com\/\"},{\"@type\":\"ListItem\",\"position\":2,\"name\":\"Politique en mati\u00e8re de cookies\"}]},{\"@type\":\"WebSite\",\"@id\":\"https:\/\/eden-villa.com\/#website\",\"url\":\"https:\/\/eden-villa.com\/\",\"name\":\"Eden Villa\",\"description\":\"Location Saisonni\u00e8re\",\"publisher\":{\"@id\":\"https:\/\/eden-villa.com\/#organization\"},\"potentialAction\":[{\"@type\":\"SearchAction\",\"target\":{\"@type\":\"EntryPoint\",\"urlTemplate\":\"https:\/\/eden-villa.com\/?s={search_term_string}\"},\"query-input\":{\"@type\":\"PropertyValueSpecification\",\"valueRequired\":true,\"valueName\":\"search_term_string\"}}],\"inLanguage\":\"fr-FR\"},{\"@type\":\"Organization\",\"@id\":\"https:\/\/eden-villa.com\/#organization\",\"name\":\"Eden Villa\",\"url\":\"https:\/\/eden-villa.com\/\",\"logo\":{\"@type\":\"ImageObject\",\"inLanguage\":\"fr-FR\",\"@id\":\"https:\/\/eden-villa.com\/#\/schema\/logo\/image\/\",\"url\":\"https:\/\/eden-villa.com\/wp-content\/uploads\/2025\/09\/WhatsApp-Image-2025-09-04-a-15.01.35_5da4485b.jpg\",\"contentUrl\":\"https:\/\/eden-villa.com\/wp-content\/uploads\/2025\/09\/WhatsApp-Image-2025-09-04-a-15.01.35_5da4485b.jpg\",\"width\":1024,\"height\":1024,\"caption\":\"Eden Villa\"},\"image\":{\"@id\":\"https:\/\/eden-villa.com\/#\/schema\/logo\/image\/\"}}]}<\/script>\n<!-- \/ Yoast SEO plugin. -->","yoast_head_json":{"title":"Politique en mati\u00e8re de cookies - Eden Villa","robots":{"index":"index","follow":"follow","max-snippet":"max-snippet:-1","max-image-preview":"max-image-preview:large","max-video-preview":"max-video-preview:-1"},"canonical":"https:\/\/eden-villa.com\/index.php\/politique-en-matiere-de-cookies\/","og_locale":"fr_FR","og_type":"article","og_title":"Politique en mati\u00e8re de cookies - Eden Villa","og_description":"Politique de confidentialit\u00e9 des cookies 1. Qu&rsquo;est-ce qu&rsquo;un cookie ? Un cookie est un petit fichier constitu\u00e9 de lettres et [&hellip;]","og_url":"https:\/\/eden-villa.com\/index.php\/politique-en-matiere-de-cookies\/","og_site_name":"Eden Villa","article_modified_time":"2025-09-22T12:20:33+00:00","twitter_card":"summary_large_image","twitter_misc":{"Dur\u00e9e de lecture estim\u00e9e":"2 minutes"},"schema":{"@context":"https:\/\/schema.org","@graph":[{"@type":"WebPage","@id":"https:\/\/eden-villa.com\/index.php\/politique-en-matiere-de-cookies\/","url":"https:\/\/eden-villa.com\/index.php\/politique-en-matiere-de-cookies\/","name":"Politique en mati\u00e8re de cookies - Eden Villa","isPartOf":{"@id":"https:\/\/eden-villa.com\/#website"},"datePublished":"2025-09-20T07:10:17+00:00","dateModified":"2025-09-22T12:20:33+00:00","breadcrumb":{"@id":"https:\/\/eden-villa.com\/index.php\/politique-en-matiere-de-cookies\/#breadcrumb"},"inLanguage":"fr-FR","potentialAction":[{"@type":"ReadAction","target":["https:\/\/eden-villa.com\/index.php\/politique-en-matiere-de-cookies\/"]}]},{"@type":"BreadcrumbList","@id":"https:\/\/eden-villa.com\/index.php\/politique-en-matiere-de-cookies\/#breadcrumb","itemListElement":[{"@type":"ListItem","position":1,"name":"Accueil","item":"https:\/\/eden-villa.com\/"},{"@type":"ListItem","position":2,"name":"Politique en mati\u00e8re de cookies"}]},{"@type":"WebSite","@id":"https:\/\/eden-villa.com\/#website","url":"https:\/\/eden-villa.com\/","name":"Eden Villa","description":"Location Saisonni\u00e8re","publisher":{"@id":"https:\/\/eden-villa.com\/#organization"},"potentialAction":[{"@type":"SearchAction","target":{"@type":"EntryPoint","urlTemplate":"https:\/\/eden-villa.com\/?s={search_term_string}"},"query-input":{"@type":"PropertyValueSpecification","valueRequired":true,"valueName":"search_term_string"}}],"inLanguage":"fr-FR"},{"@type":"Organization","@id":"https:\/\/eden-villa.com\/#organization","name":"Eden Villa","url":"https:\/\/eden-villa.com\/","logo":{"@type":"ImageObject","inLanguage":"fr-FR","@id":"https:\/\/eden-villa.com\/#\/schema\/logo\/image\/","url":"https:\/\/eden-villa.com\/wp-content\/uploads\/2025\/09\/WhatsApp-Image-2025-09-04-a-15.01.35_5da4485b.jpg","contentUrl":"https:\/\/eden-villa.com\/wp-content\/uploads\/2025\/09\/WhatsApp-Image-2025-09-04-a-15.01.35_5da4485b.jpg","width":1024,"height":1024,"caption":"Eden Villa"},"image":{"@id":"https:\/\/eden-villa.com\/#\/schema\/logo\/image\/"}}]}},"_links":{"self":[{"href":"https:\/\/eden-villa.com\/index.php\/wp-json\/wp\/v2\/pages\/377","targetHints":{"allow":["GET"]}}],"collection":[{"href":"https:\/\/eden-villa.com\/index.php\/wp-json\/wp\/v2\/pages"}],"about":[{"href":"https:\/\/eden-villa.com\/index.php\/wp-json\/wp\/v2\/types\/page"}],"author":[{"embeddable":true,"href":"https:\/\/eden-villa.com\/index.php\/wp-json\/wp\/v2\/users\/1"}],"replies":[{"embeddable":true,"href":"https:\/\/eden-villa.com\/index.php\/wp-json\/wp\/v2\/comments?post=377"}],"version-history":[{"count":16,"href":"https:\/\/eden-villa.com\/index.php\/wp-json\/wp\/v2\/pages\/377\/revisions"}],"predecessor-version":[{"id":443,"href":"https:\/\/eden-villa.com\/index.php\/wp-json\/wp\/v2\/pages\/377\/revisions\/443"}],"wp:attachment":[{"href":"https:\/\/eden-villa.com\/index.php\/wp-json\/wp\/v2\/media?parent=377"}],"curies":[{"name":"wp","href":"https:\/\/api.w.org\/{rel}","templated":true}]}}